14) - 36. Let s = d + 76. Suppose 4*v + k - s = 22, 0 = -5*k. What are the prime factors of v?
3, 5
Suppose 660*y = 633*y + 147123. What are the prime factors of y?
5449
Suppose -3*c - 3*z = -27, -21 = 5*c + 4*z - 71. Let i = 77 + c. What are the prime factors of i?
7, 13
Suppose k - 2*k + 21 = 0. Let w(h) = -7*h + 34. Let d be w(14). Let l = k - d. What are the prime factors of l?
5, 17
Let l(g) = 134*g - 22. Let r be l(4). Let u = r - -214. What are the prime factors of u?
2, 7, 13
Let z = 580 + 15. List the prime factors of 849 - ((-70)/z + (-87)/(-17)).
2, 211
Let f(i) = -135*i**3 - 2*i**2 + 8*i - 32. List the prime factors of f(-6).
2, 7, 37
Let o = -1426 - -27587. List the prime factors of o.
26161
Suppose 72*w + 2*m - 81276 = 70*w, 0 = 3*m + 15. List the prime factors of w.
97, 419
Let l(d) = d**3 + 2*d - 7. Let k be l(-5). Let i = k - -258. Suppose -63 = -y + i. What are the prime factors of y?
179
Let o = 52273 + -30184. List the prime factors of o.
3, 37, 199
What are the prime factors of (0 - (0 + 24235))*(-6)/10?
3, 37, 131
Suppose 6 = -2*q, -79*t + 78*t - 4*q + 27003 = 0. List the prime factors of t.
3, 5, 1801
Let w be 1210/66 - (-4)/(-3). Suppose w*o - 4404 = -5*a + 13*o, -3*a + 2*o = -2638. What are the prime factors of a?
2, 5, 11
Suppose -27*s = -56 - 484. Suppose -5*u = -s*u + 7965. List the prime factors of u.
3, 59
Let g(i) = -3*i**3 - i**2 - 2*i + 9. Let j be g(-4). Let x = 402 - j. Let k = x - 122. List the prime factors of k.
3, 29
Let v(x) = 19*x**2 - 1. Let o be v(-1). Let l = o + -16. Suppose l*s = 51 + 77. List the prime factors of s.
2
Suppose 116*p - 226*p = -89*p - 177261. What are the prime factors of p?
23, 367
Let o = -300 - -172. Let k = 209 - o. What are the prime factors of k?
337
Suppose -15366 = -9*o + 3*o. Suppose -4*w + 2*w = -5*y + 3198, -w = 4*y - o. What are the prime factors of y?
2, 5
Let s(i) = -5*i**2 - 27*i - 45. Let d be s(-10). Suppose 3*q - 666 = 588. Let m = d + q. What are the prime factors of m?
11, 13
Let i = -18477 - -47644. What are the prime factors of i?
29167
Let r be 2/11 - 502/(-22). Let f(l) = 56*l + 57. Let v(p) = 8*p + 1. Let q(n) = f(n) - 6*v(n). List the prime factors of q(r).
5, 47
Let i = -2939 + 5988. What are the prime factors of i?
3049
Let m(y) be the second derivative of -y**4/4 + 5*y**3 - y**2/2 + 17*y. Let i be m(14). Let o = 240 + i. List the prime factors of o.
71
Let j = 80 + -67. Suppose -645 = j*d - 4168. List the prime factors of d.
271
Suppose 3*p - 16 - 2 = 0. Suppose 0 = -5*r + p + 9. Suppose 3*c + 500 = 5*m - 125, m + r*c = 107. List the prime factors of m.
2, 61
Let q = -54847 + 94640. List the prime factors of q.
13, 3061
Suppose -5*g = -265*f + 268*f - 49474, -5*f + 9886 = g. What are the prime factors of g?
2, 1237
Suppose -2571*x + 13556 = -2567*x. List the prime factors of x.
3389
Suppose -5*w + 30 = -2*w. Suppose -3*u = -4*g - 11, 4*g + 4 = 5*u - 9. What are the prime factors of (w/g)/(-5)*20?
2, 5
List the prime factors of (-116824)/(-10) + (-184)/460.
2, 3, 11, 59
Suppose -37*q + 150183 + 121656 = 0. List the prime factors of q.
3, 31, 79
Suppose -4*q - 24 = -2*j, 2*j = 5*q + 7*j. List the prime factors of q - (-36)/10 - (-312)/5.
2, 31
Let v(h) = 191*h + 1631. List the prime factors of v(39).
2, 5, 227
Suppose 2*d - 11582 = -5*h, 2*h + 4562 + 18650 = 4*d. What are the prime factors of d?
5801
Let h(i) = 11*i + 5. Let u be h(5). Suppose o - u - 35 = 4*t, -5*t - 92 = -o. Suppose -4*x = -185 - o. What are the prime factors of x?
73
Let p = 11044 + 20073. List the prime factors of p.
29, 37
Let v(u) = -u - 6. Let i be v(0). Let t be 32*(-3)/i - 2/1. Let w(q) = 5*q - 19. What are the prime factors of w(t)?
3, 17
Let s be 32/18 - 3 - 8/(-36). Let f(u) = -685*u + 13. What are the prime factors of f(s)?
2, 349
Suppose 90 = 14*n - 4*n. Suppose 9*u - 4*u + 4*i = n, 0 = -5*u + i + 29. Suppose 6*j = -u*j + 451. List the prime factors of j.
41
Let n = 25 - 15. Let v be 3*5/(-180) - 18/(-216). Suppose v*r = -2*r + n. What are the prime factors of r?
5
Suppose 6*x = 3*y - 7918 + 20254, x = y + 2055. What are the prime factors of x?
11, 17
Suppose -66755 = -11*a + 51205 - 381. What are the prime factors of a?
3, 7, 509
Suppose 16358 = 4*p - t, -3*t = -4*p - 5*t + 16352. Suppose 23*c - 3110 = p. List the prime factors of c.
313
Suppose -10 = 2*s, 2*s - 5564 = -4*o + 6*s. Let p = o - 303. List the prime factors of p.
3, 19
Let b(o) = 777*o + 3353. List the prime factors of b(6).
5, 7, 229
Let r(x) = -x**3 - 6*x**2 + 2*x + 6. Let j be r(-6). What are the prime factors of ((-1416)/5)/(-4)*(-40)/j?
2, 59
Suppose 1082048 = -20*w - 13*w + 91*w. List the prime factors of w.
2, 11, 53
Suppose -31998 - 8441 = -2*i + 5*h, -5*i = 4*h - 101180. What are the prime factors of i?
2, 3, 281
Let k(s) = -7*s**3 + 7*s**2 + 4*s + 38. Let l be k(-6). Suppose 3*n = -5*x + l, 8*n = 7*n - x + 596. What are the prime factors of n?
601
Let t(r) = r + 18. Let l(u) = u + 3 + u - 2*u - 2*u. Let n be l(7). List the prime factors of t(n).
7
Let z(d) = -d**2 - 19*d + 25. Let o be z(-20). Suppose -2*r - o*p = -808, -3*r + 1982 = 2*r + 3*p. List the prime factors of r.
2, 197
Suppose 0 = 5*s + 2*t - 140 + 1227, -4*s + 3*t = 865. Let a = 19 - s. What are the prime factors of a?
2, 59
Suppose -24 = -4*t - 2*u, 2 = u - 2. Let x(w) = -130*w + t*w**2 + 66*w + 63*w - 10. List the prime factors of x(5).
5, 17
Let d(v) = 2*v + 5. Let x(f) = -f - 3. Let j be (-1 + 39/(-6))*(-6)/9. Let k(o) = j*d(o) + 7*x(o). List the prime factors of k(6).
2, 11
Suppose -8*f + 7590 = -31*f. Let s = f + 885. List the prime factors of s.
3, 5, 37
Suppose 10*t = 12*t - 10. Let h be (-1)/(-3)*((1 - t) + 13). Suppose 59 + 7 = 2*o - 4*m, 0 = -4*o + h*m + 122. List the prime factors of o.
29
Let q = -4438 - -21262. What are the prime factors of q?
2, 3, 701
Suppose -g = -5*k - 26992, 2*k + 188033 = 5*g + 53119. List the prime factors of g.
2, 3, 1499
Let s(k) = 2*k + 26. Let f be s(-11). Let r be f/10 - 6/15. Suppose r = -7*g + 6*g + 67. List the prime factors of g.
67
Let q(h) = 37*h**2 - 2. Let u be q(-1). Suppose 5*l - u = -5*b, 5 = -5*b - l + 20. Suppose 1431 = 7*g + b*g. What are the prime factors of g?
3, 53
Let q(y) = y**3 + 5*y**2 + y + 8. Let b be q(-5). Suppose 0 = -b*j - 2*r + 2386, -5*r = 2*j - 3*r - 1588. List the prime factors of j.
2, 3, 7, 19
Suppose 83*f - 155551 = 110*f - 792211. What are the prime factors of f?
2, 3, 5, 131
Let h(s) = 8*s + 18. Let w be h(-2). Suppose n + z = 4*z + 138, -w*n - 5*z = -331. What are the prime factors of n?
3, 17
Let v(f) = -f**3 + 29*f**2 - 166*f - 313. List the prime factors of v(-25).
3, 11, 17, 67
Suppose f = 2*q - 2, -2*f - 3*q = 2*q + 4. Let t(d) = -289*d + 17. List the prime factors of t(f).
5, 7, 17
Let k = 86 + -38. Suppose 0 = -14*z + 18*z - k. List the prime factors of z/(-30) - 672/(-5).
2, 67
Suppose -5*w + 9 = -1. Let p(n) = 0 - 74*n - w + 2*n - 47*n. What are the prime factors of p(-1)?
3, 13
Let b = 101 - 217. Let d = b + 465. What are the prime factors of d?
349
Let i = 35 + -32. Suppose 4*p = 2*b - 1370, i*b - 256 - 89 = p. What are the prime factors of (p/(-60))/(12/10)*28?
7, 19
Let s(h) = 37*h + 1. Let f be s(-4). Let j = 175 - 259. Let p = j - f. List the prime factors of p.
3, 7
Suppose 4*n + 47906 = -30*n. Let j = n + 2371. List the prime factors of j.
2, 13, 37
Let m(x) = -10*x + 5*x**2 + 4*x**3 + 27*x - 14*x - 4. What are the prime factors of m(5)?
2, 3, 53
Suppose -x - 4364 = -k - 6*x, 2*k - 2*x - 8728 = 0. What are the prime factors of k?
2, 1091
Let n(k) = -k**3 + 8*k**2 - k + 10. Let c be n(8). Let f(h) = 22*h + 98. Let v be f(-3). What are the prime factors of (v/24)/(c - 231/117)?
2, 13
Suppose -19585 = -s + b, -5*s - 5*b = -7861 - 90034. List the prime factors of s.
2, 9791
Let u(b) = 2349*b + 165. What are the prime factors of u(5)?
2, 3, 5, 397
Let z(b) = -24*b + 12. Let r(u) = -u**2 + 11*u - 8. Let j(y) = -13*y - 2. Let i be j(-1). Let n be r(i). What are the prime factors of z(n)?
2, 3, 17
Suppose 6*t = 2*t - 16. Let j be t*((-85)/10 - -3). Let i(o) = -o**3 + 21*o**2 + 25*o + 12. List the prime factors of i(j).
2, 3, 13
Let u = -29 - -28. Let c be (u - -1) + 4/8*4. List the prime factors of (-3)/6 + ((-140)/(-8) - c).
3, 5
Let m(v) = -4*v +